03
In base 11, what is 3 - -985?
988
In base 11, what is 1 + 69701?
69702
In base 9, what is 16 - -502?
518
In base 14, what is -62 + -387c?
-3900
In base 2, what is 11111011000010 + -101?
11111010111101
In base 13, what is -108295 - 3?
-108298
In base 10, what is 4 + 7364?
7368
In base 4, what is 12232 - -21?
12313
In base 10, what is -2904 + -57?
-2961
In base 10, what is -25 - -743?
718
In base 10, what is 1 - -119?
120
In base 13, what is -2 - -23cb?
23c9
In base 7, what is 0 + 421555?
421555
In base 11, what is -1 - -140039?
140038
In base 9, what is 537226 - -3?
537230
In base 4, what is 10 - 101221221?
-101221211
In base 4, what is 10 - 30211212?
-30211202
In base 8, what is 1132 + -6?
1124
In base 7, what is -12145 + 120?
-12025
In base 5, what is -11 + -3423?
-3434
In base 9, what is 714131 - -8?
714140
In base 12, what is -80002 - 2?
-80004
In base 15, what is -c09 + -5e?
-c68
In base 4, what is 20001 + -330?
13011
In base 11, what is -9 + a1?
93
In base 2, what is -1101110110 - 100101?
-1110011011
In base 14, what is -48 - -397?
34d
In base 8, what is -4 - 5367?
-5373
In base 16, what is 3186 - 3?
3183
In base 14, what is 2 + -4428?
-4426
In base 9, what is -4 - 2055?
-2060
In base 6, what is -22414 - 113?
-22531
In base 2, what is -100100 - -10101001001111111?
10101001001011011
In base 4, what is 1 + 10213202?
10213203
In base 4, what is -1023031 + 1321?
-1021110
In base 9, what is 122 - 271?
-148
In base 9, what is 37 - -455?
503
In base 12, what is 340 - -6b95?
7315
In base 11, what is 16a37 + -3?
16a34
In base 14, what is -b5c96 - 2?
-b5c98
In base 10, what is 32560 - -2?
32562
In base 5, what is 210132 + 103?
210240
In base 13, what is 118 + 1021?
1139
In base 10, what is -26 + -927?
-953
In base 14, what is -10a530 + -2?
-10a532
In base 6, what is 12 - -122511?
122523
In base 15, what is 179 - -cd?
257
In base 11, what is 1350 - -4a1?
1841
In base 3, what is -2111100 + 22?
-2111001
In base 12, what is -1b - -278?
259
In base 4, what is 130331222 - 11?
130331211
In base 13, what is -2975 - c?
-2984
In base 5, what is 0 - 140022?
-140022
In base 8, what is -262517 + 41?
-262456
In base 13, what is -2278 + -106?
-2381
In base 3, what is 10100121200220 - -11?
10100121201001
In base 4, what is -103230 - -3220?
-100010
In base 13, what is -33 - 4a2?
-505
In base 4, what is -1 + 20100323?
20100322
In base 5, what is -1134444 - 4?
-1140003
In base 4, what is 0 - 3123102?
-3123102
In base 3, what is 10 - -211112212200?
211112212210
In base 14, what is -28 - -77a2?
7778
In base 15, what is -17e5 + 8?
-17dc
In base 10, what is -33 + -7690?
-7723
In base 13, what is a858c + -11?
a857b
In base 2, what is 11 + 11010111100011011?
11010111100011110
In base 3, what is 11101122 + -2211?
11021211
In base 16, what is -bed + -e?
-bfb
In base 12, what is -4 - -15638?
15634
In base 12, what is 445 - -5?
44a
In base 15, what is 283 - -11de?
1472
In base 10, what is 26957 - -4?
26961
In base 3, what is 22012 - -10210102?
11002121
In base 5, what is 242123 + -31?
242042
In base 6, what is 0 + -241001?
-241001
In base 14, what is 42b7 - 16?
42a1
In base 16, what is 4fc + 47?
543
In base 13, what is 251988 - 5?
251983
In base 4, what is -22321120 + 10?
-22321110
In base 14, what is 5 + 44c88?
44c8d
In base 4, what is -11133230 + -13?
-11133303
In base 10, what is 442 - 10?
432
In base 4, what is 2 - -200323201?
200323203
In base 5, what is -32131 - -334?
-31242
In base 6, what is 1 - 434415?
-434414
In base 8, what is -506565 + 2?
-506563
In base 12, what is 4778 + 39?
47b5
In base 9, what is -32 + 2403?
2361
In base 4, what is 33 - -13112231?
13112330
In base 15, what is -1e0 - 59?
-249
In base 7, what is -2 - 33412?
-33414
In base 2, what is -1110111101000100001011 + 10?
-1110111101000100001001
In base 11, what is 16 - 9188?
-9172
In base 3, what is 2 - 12102122011?
-12102122002
In base 13, what is -8706 - 6?
-870c
In base 9, what is -10216 - -35?
-10171
In base 5, what is -1 + 4342?
4341
In base 6, what is -5 - 103145?
-103154
In base 10, what is 206518 - -2?
206520
In base 6, what is -545 + 2015?
1030
In base 3, what is 11 - 10010222221?
-10010222210
In base 2, what is -100 + 101101100110001010?
101101100110000110
In base 13, what is -b4 - -26?
-8b
In base 8, what is 31 - -237602?
237633
In base 2, what is 10010111111100010 + -101111?
10010111110110011
In base 2, what is 1111000 + -101011110?
-11100110
In base 7, what is 236 - -4624?
5163
In base 5, what is -13044 - -32231?
14132
In base 2, what is 101 - -1000000001111001?
1000000001111110
In base 13, what is c67b0 - 4?
c67a9
In base 11, what is 132a5 + -12?
13293
In base 9, what is 4 + 1058?
1063
In base 3, what is -2001002 - -101200?
-1122102
In base 11, what is 6092 + a?
60a1
In base 11, what is 7 + -1824?
-1818
In base 2, what is -10001001000111 - 1?
-10001001001000
In base 9, what is -13 - -15216?
15203
In base 4, what is 13 + -110221331?
-110221312
In base 7, what is 602 - -125?
1030
In base 12, what is 1b - 235?
-216
In base 13, what is -4 - 45579?
-45580
In base 2, what is 10000 - -100100101111111?
100100110001111
In base 15, what is 13 + 541?
554
In base 2, what is -10 + 1000111101000?
1000111100110
In base 2, what is 101011011010011 - 11?
101011011010000
In base 14, what is -2 - -174b1?
174ad
In base 7, what is 1651404 + 1?
1651405
In base 2, what is 110001011 - 1111011110?
-1001010011
In base 11, what is 6 + -510?
-505
In base 12, what is -1a8 + 1ba?
12
In base 5, what is 4 + -13142110?
-13142101
In base 5, what is -214 + -14213?
-14432
In base 4, what is -1033 - -113101?
112002
In base 12, what is 1609 - 56?
1573
In base 14, what is 113 - -110?
223
In base 8, what is 2 + -13131?
-13127
In base 12, what is -3 - 42339?
-42340
In base 14, what is 20 - -102d9?
10319
In base 13, what is 3b + 1387?
13c5
In base 11, what is 1 - -78307?
78308
In base 2, what is 1001101011110 + 11?
1001101100001
In base 8, what is -27373251 + 1?
-27373250
In base 13, what is -30a0a - 0?
-30a0a
In base 16, what is -b + 116dd?
116d2
In base 11, what is 14698 + 10?
146a8
In base 13, what is 208 - -2a8?
4b3
In base 6, what is 21404 - -12?
21420
In base 12, what is ab - 27b?
-190
In base 4, what is 1303 - -10311?
12220
In base 5, what is 14 - 32421?
-32402
In base 9, what is -18751 + -55?
-18816
In base 5, what is -4 - -331013?
331004
In base 7, what is 1 - -2243603?
2243604
In base 2, what is 1 + -110110010101011111?
-110110010101011110
In base 13, what is -15c1 - c3?
-16b4
In base 8, what is -30 - 344341?
-344371
In base 7, what is -3 - 2114213?
-2114216
In base 5, what is -2011243 - 3?
-2011301
In base 10, what is 2902 + 7?
2909
In base 7, what is 20 + -4030?
-4010
In base 6, what is 1245 - -33?
1322
In base 8, what is -550 - 11566?
-12336
In base 10, what is -3 + 34079?
34076
In base 12, what is 176 - 1218?
-1062
In base 13, what is -3 + -3934a9?
-3934ac
In base 10, what is 26827 + 1?
26828
In base 15, what is -6d0a - 3?
-6d0d
In base 7, what is 426523 - -4?
426530
In base 13, what is 1780 - -2a?
17aa
In base 11, what is -2319 + 1497?
-932
In base 16, what is -c91 - 1?
-c92
In base 12, what is -31273 + -13?
-31286
In base 14, what is -166098 + 2?
-166096
In base 5, what is 2110132 - 11?
2110121
In base 8, what is 42 - 25326?
-25264
In base 10, what is -4537 + -17?
-4554
In base 15, what is 3b688 - 3?
3b685
In base 4, what is 11001003 - 1?
11001002
In base 7, what is -61 + -3556?
-3650
In base 4, what is 2 + -3320131?
-3320123
In base 9, what is 41535 - 3?
41532
In base 16, what is -1 + 1de3?
1de2
In base 9, what is -77 - -60?
-17
In base 5, what is -4 - 1212300?
-1212304
In base 16, what is -26 + -35?
-5b
In base 10, what is -6877 + 10?
-6867
In base 10, what is 170 - -2555?
2725
In base 3, what is 1110 - -21111022?
21112202
In base 9, what is -3 - 62858?
-62862
In base 4, what is -1022222 + -133?
-1023021
In base 13, what is 2 - 29229?
-29227
In base 16, what is 4 - -6b07?
6b0b
In base 10, what is 4 - 119946?
-119942
In base 13, what is -19b + -3563?
-3731
In base 2, what is 100110 + -1110001011?
-1101100101
In base 16, what is -2 + -166d3?
-166d5
In base 4, what is -11 - 2030103?
-2030120
In base 4, what is -230 + -123100?
-123330
In base 5, what is 3 - -211103?
211111
In base 2, what is -11110111100 - -1001